re the prime factors of 1239125327?
11, 112647757
What are the prime factors of 501143837?
1567, 319811
List the prime factors of 442700208.
2, 3, 569, 1801
What are the prime factors of 288727170?
2, 3, 5, 9624239
What are the prime factors of 554249973?
3, 37, 659, 7577
What are the prime factors of 34598629?
13, 41, 139, 467
List the prime factors of 1502625409.
1502625409
List the prime factors of 136966111.
9161, 14951
List the prime factors of 53418543.
3, 487, 36563
What are the prime factors of 28145521?
43, 383, 1709
What are the prime factors of 970252971?
3, 29, 11152333
What are the prime factors of 16142735?
5, 7, 61, 7561
List the prime factors of 1454252348.
2, 363563087
List the prime factors of 76596289.
7, 11, 53, 137
What are the prime factors of 181819960?
2, 5, 7, 31, 20947
List the prime factors of 7784693816.
2, 283, 3438469
List the prime factors of 2775234532.
2, 7, 313, 316663
What are the prime factors of 462930709?
1097, 421997
What are the prime factors of 13346330?
2, 5, 1334633
List the prime factors of 1689799201.
17, 179, 555307
List the prime factors of 2490023607.
3, 29, 167, 171383
What are the prime factors of 61300514?
2, 11, 107, 26041
List the prime factors of 27181840.
2, 5, 7, 48539
What are the prime factors of 1879290775?
5, 75171631
What are the prime factors of 674514949?
709, 951361
List the prime factors of 119804649.
3, 39934883
List the prime factors of 44291710.
2, 5, 4429171
What are the prime factors of 9008989?
11, 818999
List the prime factors of 69122935.
5, 7, 17, 23, 5051
List the prime factors of 12189382.
2, 41, 43, 3457
What are the prime factors of 5190845866?
2, 19, 136601207
List the prime factors of 396166644.
2, 3, 19, 107, 5413
What are the prime factors of 2180200160?
2, 5, 13626251
What are the prime factors of 30395844?
2, 3, 431, 653
List the prime factors of 55039057.
4259, 12923
What are the prime factors of 979723305?
3, 5, 11, 137, 14447
List the prime factors of 32709444.
2, 3, 229, 11903
What are the prime factors of 1395963518?
2, 23, 71, 427423
List the prime factors of 1366988278.
2, 727, 940157
List the prime factors of 490798837.
83, 601, 9839
What are the prime factors of 85265390?
2, 5, 7, 37, 4703
What are the prime factors of 83602225?
5, 7, 477727
What are the prime factors of 4734785612?
2, 23, 51465061
What are the prime factors of 8047290?
2, 3, 5, 17, 31, 509
What are the prime factors of 678421172?
2, 11, 13, 1186051
What are the prime factors of 65246574?
2, 3, 79, 179, 769
What are the prime factors of 6760870?
2, 5, 283, 2389
List the prime factors of 69300186.
2, 3, 37, 83, 3761
What are the prime factors of 114475272?
2, 3, 1049, 4547
List the prime factors of 362091756.
2, 3, 13, 2321101
List the prime factors of 2765857714.
2, 1382928857
What are the prime factors of 1212572495?
5, 19, 499, 25579
What are the prime factors of 202381203?
3, 2311, 29191
List the prime factors of 107071991.
13, 463, 17789
List the prime factors of 498903884.
2, 124725971
What are the prime factors of 20855652?
2, 3, 457, 3803
What are the prime factors of 97752931?
97752931
What are the prime factors of 285311288?
2, 163, 218797
List the prime factors of 842174359.
13, 64782643
List the prime factors of 77872295.
5, 61, 131, 1949
What are the prime factors of 7412521?
1747, 4243
List the prime factors of 1784743375.
5, 29, 193, 2551
List the prime factors of 732165707.
7, 13, 17, 317, 1493
List the prime factors of 211828387.
151, 197, 7121
List the prime factors of 3338260680.
2, 3, 5, 27818839
What are the prime factors of 1571458758?
2, 3, 31, 8448703
List the prime factors of 985541081.
7, 449, 313567
List the prime factors of 578338480.
2, 5, 31, 233201
List the prime factors of 85998726.
2, 3, 11, 144779
List the prime factors of 1343795978.
2, 7, 4657, 20611
List the prime factors of 120812921.
31, 3897191
What are the prime factors of 246725644?
2, 11, 5607401
List the prime factors of 271480562.
2, 135740281
What are the prime factors of 297652495?
5, 7, 8504357
What are the prime factors of 4399878901?
11, 1433, 279127
What are the prime factors of 23194187?
23194187
List the prime factors of 4330488539.
13, 29, 1459, 7873
What are the prime factors of 77009290?
2, 5, 23, 191, 1753
List the prime factors of 42632848.
2, 2664553
What are the prime factors of 84160511?
84160511
What are the prime factors of 760072662?
2, 3, 42226259
What are the prime factors of 677661906?
2, 3, 112943651
What are the prime factors of 365945804?
2, 7, 13069493
List the prime factors of 1325601663.
3, 441867221
What are the prime factors of 55166759?
173, 318883
List the prime factors of 49794651.
3, 5532739
List the prime factors of 19564538.
2, 7, 599, 2333
What are the prime factors of 281570963?
461, 610783
List the prime factors of 125104085.
5, 173, 144629
List the prime factors of 2611339898.
2, 19, 37, 1857283
What are the prime factors of 63284001?
3, 11, 1917697
List the prime factors of 1002153503.
13, 163, 472937
List the prime factors of 304196524.
2, 76049131
What are the prime factors of 231428047?
23, 47, 214087
List the prime factors of 150641437.
17, 8861261
List the prime factors of 39458850.
2, 3, 5, 29, 47, 193
What are the prime factors of 316856669?
316856669
What are the prime factors of 923282258?
2, 3323, 138923
List the prime factors of 97306856.
2, 12163357
List the prime factors of 1058863479.
3, 17, 20762029
List the prime factors of 2056904673.
3, 685634891
List the prime factors of 267818814.
2, 3, 113, 131671
What are the prime factors of 2092617175?
5, 11, 79, 96323
What are the prime factors of 1255380059?
331, 1399, 2711
List the prime factors of 15690227.
7, 43, 52127
What are the prime factors of 14159212?
2, 43, 191, 431
List the prime factors of 54246555.
3, 5, 11, 109589
List the prime factors of 125221582.
2, 151, 414641
List the prime factors of 87365107.
149, 709, 827
List the prime factors of 19099030.
2, 5, 37, 41, 1259
List the prime factors of 27828461.
79, 131, 2689
List the prime factors of 144121049.
144121049
What are the prime factors of 17263718?
2, 257, 33587
List the prime factors of 1455445256.
2, 137, 163, 8147
What are the prime factors of 144026360?
2, 5, 3600659
List the prime factors of 1412002577.
757, 1865261
What are the prime factors of 4592984163?
3, 17, 90058513
List the prime factors of 106273021.
106273021
List the prime factors of 9201759.
3, 7, 62597
List the prime factors of 1863138144.
2, 3, 7, 67, 41381
What are the prime factors of 331144161?
3, 43, 2567009
What are the prime factors of 440909408?
2, 41, 336059
List the prime factors of 822334777.
11, 74757707
List the prime factors of 2843800196.
2, 710950049
What are the prime factors of 2401032473?
7, 15131, 22669
What are the prime factors of 6274022175?
3, 5, 27884543
List the prime factors of 407485377.
3, 13, 1160927
List the prime factors of 909284491.
17, 577, 92699
What are the prime factors of 172855107?
3, 6402041
List the prime factors of 61631177.
29, 131, 16223
What are the prime factors of 79698907?
17, 4688171
List the prime factors of 31734268.
2, 73, 191, 569
List the prime factors of 54175254.
2, 3, 7, 359, 3593
What are the prime factors of 104110668?
2, 3, 2891963
What are the prime factors of 1547036?
2, 439, 881
List the prime factors of 37247977.
13, 29, 98801
List the prime factors of 2964935573.
31, 4007, 23869
List the prime factors of 405149657.
11, 36831787
What are the prime factors of 293095066?
2, 11, 13322503
What are the prime factors of 1334661157?
1334661157
What are the prime factors of 4088189428?
2, 1022047357
List the prime factors of 100585945.
5, 257, 78277
List the prime factors of 197911468.
2, 73, 677779
List the prime factors of 1213843401.
3, 17, 29, 113, 269
What are the prime factors of 1373835425?
5, 23, 2389279
What are the prime factors of 47284908?
2, 3, 11, 358219
List the prime factors of 3934270162.
2, 37, 53165813
List the prime factors of 37864410.
2, 3, 5, 1262147
List the prime factors of 8162884788.
2, 3, 680240399
What are the prime factors of 653056042?
2, 421, 775601
What are the prime factors of 661579088?
2, 19, 29, 101, 743
What are the prime factors of 1192891281?
3, 773, 514399